{"id":2656,"date":"2019-07-15T22:35:24","date_gmt":"2019-07-15T20:35:24","guid":{"rendered":"http:\/\/waeller-vom-birkenhain.de\/?page_id=2656"},"modified":"2025-03-02T09:17:58","modified_gmt":"2025-03-02T08:17:58","slug":"ueber-pauli","status":"publish","type":"page","link":"https:\/\/waeller-vom-birkenhain.de\/?page_id=2656","title":{"rendered":"\u00dcber Pauli"},"content":{"rendered":"<p>Wer ist denn nun Pauli?<br \/>\nPauli ist eine H\u00fcndin aus unserer eigenen Nachzucht. Ihre Mutter ist Jill vom Dallenberg und ihr Vater Lobo-Bootsmann vom St\u00fcvenest.<br \/>\nSie und ihre 10 Geschwister sind am 17.04.2015 geboren &#8211; das war unser P-Wurf vom Birkenhain.<\/p>\n<p>Die Zuchtzulassung hat sie am 3.09.2017 in Mechernich absolviert.<\/p>\n<p>Pauli ist eine zierliche bartlos schwarze H\u00fcndin mit wei\u00dfen Abzeichen, gut proportioniertem K\u00f6rperbau und harmonischen Gangwerk.<br \/>\nHD: A<br \/>\nAugen: o.B.<br \/>\nMDR1 +\/+<br \/>\nDogCheck: o.B.<br \/>\nSie ist eine arbeitseifrige H\u00fcndin mit Pep, die jede Art von Besch\u00e4ftigung genie\u00dft, ohne dabei aufgeregt oder \u00fcberdreht zu sein. Fremden gegen\u00fcber ist sie aufgeschlossen, aber nicht aufdringlich, auch in unbekannten Situationen zeigt sie sich interessiert und souver\u00e4n und bildet mit ihren Menschen ein harmonisches Team.<\/p>\n<p>Ihr erster Wurf:<br \/>\nder U-Wurf vom Birkenhain, geboren am 25.02.2020<br \/>\n(U-Nica, U-Ria, U-Malu, Ulaya-Lucy, Una-Lotte, Ulexa-Kaia, Uzo-Conrad und Ultimo<br \/>\n<a href=\"http:\/\/waeller-vom-birkenhain.de\/wp-content\/uploads\/2020\/04\/Hunger.jpg\"><img loading=\"lazy\" decoding=\"async\" class=\"aligncenter wp-image-3036 size-medium\" src=\"http:\/\/waeller-vom-birkenhain.de\/wp-content\/uploads\/2020\/04\/Hunger-300x201.jpg\" alt=\"\" width=\"300\" height=\"201\" srcset=\"https:\/\/waeller-vom-birkenhain.de\/wp-content\/uploads\/2020\/04\/Hunger-300x201.jpg 300w, https:\/\/waeller-vom-birkenhain.de\/wp-content\/uploads\/2020\/04\/Hunger-768x514.jpg 768w, https:\/\/waeller-vom-birkenhain.de\/wp-content\/uploads\/2020\/04\/Hunger.jpg 828w\" sizes=\"auto, (max-width: 300px) 100vw, 300px\" \/><\/a><\/p>\n<p>&nbsp;<\/p>\n<p>Ihr zweiter Wurf:<br \/>\nder V-Wurf vom Birkenhain, geboren am 08.07.2021<br \/>\n(Vace, Vibi, Virginia, Vienna Cara, Vino Tinto, Vilou, Vlash und Vlori)<\/p>\n<p><a href=\"http:\/\/waeller-vom-birkenhain.de\/wp-content\/uploads\/2021\/08\/IMG_20210811_160900.jpg\"><img loading=\"lazy\" decoding=\"async\" class=\"aligncenter wp-image-3543 size-medium\" src=\"http:\/\/waeller-vom-birkenhain.de\/wp-content\/uploads\/2021\/08\/IMG_20210811_160900-288x300.jpg\" alt=\"\" width=\"288\" height=\"300\" srcset=\"https:\/\/waeller-vom-birkenhain.de\/wp-content\/uploads\/2021\/08\/IMG_20210811_160900-288x300.jpg 288w, https:\/\/waeller-vom-birkenhain.de\/wp-content\/uploads\/2021\/08\/IMG_20210811_160900-768x801.jpg 768w, https:\/\/waeller-vom-birkenhain.de\/wp-content\/uploads\/2021\/08\/IMG_20210811_160900-982x1024.jpg 982w, https:\/\/waeller-vom-birkenhain.de\/wp-content\/uploads\/2021\/08\/IMG_20210811_160900.jpg 1200w\" sizes=\"auto, (max-width: 288px) 100vw, 288px\" \/><\/a><\/p>\n<p>Ihr dritter Wurf:<br \/>\nder W-Wurf vom Birkenhain, geboren am 26.09.2022<br \/>\n(Wheyli-Feena, Wookie, Walker, Wiesje, Willem- Ludwig und Whisky)<\/p>\n<p><a href=\"http:\/\/waeller-vom-birkenhain.de\/wp-content\/uploads\/2022\/10\/1666801454772.jpg\"><img loading=\"lazy\" decoding=\"async\" class=\"aligncenter wp-image-3887\" src=\"http:\/\/waeller-vom-birkenhain.de\/wp-content\/uploads\/2022\/10\/1666801454772-225x300.jpg\" alt=\"\" width=\"288\" height=\"384\" srcset=\"https:\/\/waeller-vom-birkenhain.de\/wp-content\/uploads\/2022\/10\/1666801454772-225x300.jpg 225w, https:\/\/waeller-vom-birkenhain.de\/wp-content\/uploads\/2022\/10\/1666801454772-768x1024.jpg 768w\" sizes=\"auto, (max-width: 288px) 100vw, 288px\" \/><\/a><\/p>\n<p>&nbsp;<\/p>\n<p>&nbsp;<\/p>\n<p>&nbsp;<\/p>\n","protected":false},"excerpt":{"rendered":"<p>Wer ist denn nun Pauli? Pauli ist eine H\u00fcndin aus unserer eigenen Nachzucht. Ihre Mutter ist Jill vom Dallenberg und ihr Vater Lobo-Bootsmann vom St\u00fcvenest. Sie und ihre 10 Geschwister sind am 17.04.2015 geboren &#8211; das war unser P-Wurf vom Birkenhain. Die Zuchtzulassung hat sie am 3.09.2017 in Mechernich absolviert. Pauli ist eine zierliche bartlos &hellip; <a href=\"https:\/\/waeller-vom-birkenhain.de\/?page_id=2656\" class=\"more-link\"><span class=\"screen-reader-text\">\u00dcber Pauli<\/span> weiterlesen<\/a><\/p>\n","protected":false},"author":2,"featured_media":0,"parent":0,"menu_order":0,"comment_status":"closed","ping_status":"closed","template":"","meta":{"footnotes":""},"class_list":["post-2656","page","type-page","status-publish","hentry"],"_links":{"self":[{"href":"https:\/\/waeller-vom-birkenhain.de\/index.php?rest_route=\/wp\/v2\/pages\/2656","targetHints":{"allow":["GET"]}}],"collection":[{"href":"https:\/\/waeller-vom-birkenhain.de\/index.php?rest_route=\/wp\/v2\/pages"}],"about":[{"href":"https:\/\/waeller-vom-birkenhain.de\/index.php?rest_route=\/wp\/v2\/types\/page"}],"author":[{"embeddable":true,"href":"https:\/\/waeller-vom-birkenhain.de\/index.php?rest_route=\/wp\/v2\/users\/2"}],"replies":[{"embeddable":true,"href":"https:\/\/waeller-vom-birkenhain.de\/index.php?rest_route=%2Fwp%2Fv2%2Fcomments&post=2656"}],"version-history":[{"count":12,"href":"https:\/\/waeller-vom-birkenhain.de\/index.php?rest_route=\/wp\/v2\/pages\/2656\/revisions"}],"predecessor-version":[{"id":4471,"href":"https:\/\/waeller-vom-birkenhain.de\/index.php?rest_route=\/wp\/v2\/pages\/2656\/revisions\/4471"}],"wp:attachment":[{"href":"https:\/\/waeller-vom-birkenhain.de\/index.php?rest_route=%2Fwp%2Fv2%2Fmedia&parent=2656"}],"curies":[{"name":"wp","href":"https:\/\/api.w.org\/{rel}","templated":true}]}}