{"id":183,"date":"2015-03-05T16:53:24","date_gmt":"2015-03-05T15:53:24","guid":{"rendered":"http:\/\/waeller-vom-birkenhain.de\/?page_id=183"},"modified":"2015-03-05T16:53:24","modified_gmt":"2015-03-05T15:53:24","slug":"der-waeller","status":"publish","type":"page","link":"https:\/\/waeller-vom-birkenhain.de\/?page_id=183","title":{"rendered":"Der W\u00e4ller"},"content":{"rendered":"<p>1994 entschied sich Karin Wimmer Kieckbusch, eine langj\u00e4hrige Briardz\u00fcchterin und aktive Hundesportlerin, den Versuch zu starten, eine neue, dem Briard \u00e4hnliche Hunderasse zu entwickeln.<\/p>\n<p><a href=\"http:\/\/waeller-vom-birkenhain.de\/wp-content\/uploads\/2015\/03\/waeller.jpg\"><img loading=\"lazy\" decoding=\"async\" class=\" size-medium wp-image-184 aligncenter\" src=\"http:\/\/waeller-vom-birkenhain.de\/wp-content\/uploads\/2015\/03\/waeller-300x219.jpg\" alt=\"waeller\" width=\"300\" height=\"219\" srcset=\"https:\/\/waeller-vom-birkenhain.de\/wp-content\/uploads\/2015\/03\/waeller-300x219.jpg 300w, https:\/\/waeller-vom-birkenhain.de\/wp-content\/uploads\/2015\/03\/waeller-1024x748.jpg 1024w\" sizes=\"auto, (max-width: 300px) 100vw, 300px\" \/><\/a><\/p>\n<p>Die Idee war und ist einen gesunden, wesensfesten, sportlichen\u00a0 Familienhund zu z\u00fcchten und nicht mehr den Idealen der \u201eSch\u00f6nheitszucht\u201c zu folgen, bei der auf Kosten des Aussehens viel zu oft Gesundheit und Charakter der Hunde auf der Strecke bleiben.<\/p>\n<p>Auf der Suche nach deiner Hunderasse, die gut zum Briard passt entschied sie sich f\u00fcr den Australian Shepherd. Diese Rasse wurde lange Zeit mit dem Schwerpunkt auf Arbeitstauglichkeit und -wille gez\u00fcchtet.<\/p>\n<p>Die Entwicklung der neuen Rasse \u201eW\u00e4ller\u201cerfolgt nach einem festgelegten Konzept, das von der Zuchtleitung kontrolliert wird. Da die Rasse W\u00e4ller immer noch in der Entwicklung ist , werden weiterhin die Ausgangsrassen eingekreuzt. Das sichert auch weiterhin einen ausreichend gro\u00dfen Genpool f\u00fcr die kommenden Generationen, Verwandschafts- und Linienzucht werden vermieden.<\/p>\n<p>Das Aussehen der Hunde variiert sehr stark, es gibt zierliche und kr\u00e4ftige, dunke und helle, lang- und kurzhaarige W\u00e4ller.<\/p>\n","protected":false},"excerpt":{"rendered":"<p>1994 entschied sich Karin Wimmer Kieckbusch, eine langj\u00e4hrige Briardz\u00fcchterin und aktive Hundesportlerin, den Versuch zu starten, eine neue, dem Briard \u00e4hnliche Hunderasse zu entwickeln. Die Idee war und ist einen gesunden, wesensfesten, sportlichen\u00a0 Familienhund zu z\u00fcchten und nicht mehr den Idealen der \u201eSch\u00f6nheitszucht\u201c zu folgen, bei der auf Kosten des Aussehens viel zu oft Gesundheit &hellip; <a href=\"https:\/\/waeller-vom-birkenhain.de\/?page_id=183\" class=\"more-link\"><span class=\"screen-reader-text\">Der W\u00e4ller<\/span> weiterlesen<\/a><\/p>\n","protected":false},"author":1,"featured_media":0,"parent":0,"menu_order":0,"comment_status":"closed","ping_status":"open","template":"","meta":{"footnotes":""},"class_list":["post-183","page","type-page","status-publish","hentry"],"_links":{"self":[{"href":"https:\/\/waeller-vom-birkenhain.de\/index.php?rest_route=\/wp\/v2\/pages\/183","targetHints":{"allow":["GET"]}}],"collection":[{"href":"https:\/\/waeller-vom-birkenhain.de\/index.php?rest_route=\/wp\/v2\/pages"}],"about":[{"href":"https:\/\/waeller-vom-birkenhain.de\/index.php?rest_route=\/wp\/v2\/types\/page"}],"author":[{"embeddable":true,"href":"https:\/\/waeller-vom-birkenhain.de\/index.php?rest_route=\/wp\/v2\/users\/1"}],"replies":[{"embeddable":true,"href":"https:\/\/waeller-vom-birkenhain.de\/index.php?rest_route=%2Fwp%2Fv2%2Fcomments&post=183"}],"version-history":[{"count":1,"href":"https:\/\/waeller-vom-birkenhain.de\/index.php?rest_route=\/wp\/v2\/pages\/183\/revisions"}],"predecessor-version":[{"id":185,"href":"https:\/\/waeller-vom-birkenhain.de\/index.php?rest_route=\/wp\/v2\/pages\/183\/revisions\/185"}],"wp:attachment":[{"href":"https:\/\/waeller-vom-birkenhain.de\/index.php?rest_route=%2Fwp%2Fv2%2Fmedia&parent=183"}],"curies":[{"name":"wp","href":"https:\/\/api.w.org\/{rel}","templated":true}]}}